git of 16326?
6
What is the thousands digit of 25506?
5
What is the hundreds digit of 655?
6
What is the ten thousands digit of 18418?
1
What is the hundreds digit of 41854?
8
What is the thousands digit of 1174?
1
What is the hundreds digit of 59710?
7
What is the units digit of 64509?
9
What is the hundreds digit of 17118?
1
What is the tens digit of 4225?
2
What is the thousands digit of 34438?
4
What is the units digit of 36950?
0
What is the thousands digit of 1668?
1
What is the units digit of 886?
6
What is the thousands digit of 30611?
0
What is the hundred thousands digit of 125656?
1
What is the thousands digit of 75171?
5
What is the units digit of 1349?
9
What is the tens digit of 25169?
6
What is the hundreds digit of 1343?
3
What is the thousands digit of 2333?
2
What is the units digit of 5024?
4
What is the tens digit of 2642?
4
What is the hundreds digit of 1758?
7
What is the tens digit of 10133?
3
What is the hundreds digit of 812?
8
What is the hundreds digit of 301?
3
What is the tens digit of 5596?
9
What is the units digit of 2608?
8
What is the thousands digit of 1481?
1
What is the tens digit of 497?
9
What is the ten thousands digit of 20215?
2
What is the units digit of 24753?
3
What is the units digit of 86730?
0
What is the tens digit of 5850?
5
What is the thousands digit of 1600?
1
What is the hundreds digit of 9846?
8
What is the hundreds digit of 1831?
8
What is the tens digit of 4283?
8
What is the units digit of 4?
4
What is the hundreds digit of 5695?
6
What is the units digit of 10796?
6
What is the units digit of 17473?
3
What is the thousands digit of 12930?
2
What is the hundreds digit of 1378?
3
What is the hundreds digit of 383?
3
What is the tens digit of 114182?
8
What is the tens digit of 10408?
0
What is the hundreds digit of 31423?
4
What is the ten thousands digit of 15878?
1
What is the units digit of 1668?
8
What is the units digit of 331?
1
What is the tens digit of 435?
3
What is the tens digit of 402?
0
What is the units digit of 2260?
0
What is the units digit of 3?
3
What is the thousands digit of 6248?
6
What is the hundreds digit of 730?
7
What is the hundreds digit of 554?
5
What is the units digit of 47?
7
What is the thousands digit of 71752?
1
What is the hundreds digit of 2618?
6
What is the hundreds digit of 2459?
4
What is the units digit of 9028?
8
What is the units digit of 2012?
2
What is the units digit of 28488?
8
What is the units digit of 481?
1
What is the tens digit of 15802?
0
What is the ten thousands digit of 18381?
1
What is the hundreds digit of 4080?
0
What is the tens digit of 1308?
0
What is the ten thousands digit of 43467?
4
What is the units digit of 145039?
9
What is the thousands digit of 6785?
6
What is the thousands digit of 94137?
4
What is the thousands digit of 29788?
9
What is the thousands digit of 5182?
5
What is the tens digit of 13156?
5
What is the units digit of 15212?
2
What is the units digit of 14803?
3
What is the hundreds digit of 6224?
2
What is the tens digit of 864?
6
What is the thousands digit of 1128?
1
What is the thousands digit of 71486?
1
What is the thousands digit of 1302?
1
What is the tens digit of 1678?
7
What is the hundreds digit of 1519?
5
What is the ten thousands digit of 29363?
2
What is the units digit of 2390?
0
What is the tens digit of 18529?
2
What is the thousands digit of 4901?
4
What is the tens digit of 8776?
7
What is the thousands digit of 1707?
1
What is the units digit of 4?
4
What is the tens digit of 5270?
7
What is the units digit of 9258?
8
What is the thousands digit of 19953?
9
What is the thousands digit of 4871?
4
What is the units digit of 306?
6
What is the thousands digit of 2662?
2
What is the thousands digit of 1766?
1
What is the hundreds digit of 63319?
3
What is the hundreds digit of 5821?
8
What is the tens digit of 3873?
7
What is the hundreds digit of 10083?
0
What is the hundreds digit of 10527?
5
What is the thousands digit of 2195?
2
What is the thousands digit of 36879?
6
What is the hundreds digit of 10749?
7
What is the tens digit of 21155?
5
What is the units digit of 4586?
6
What is the thousands digit of 4292?
4
What is the thousands digit of 5811?
5
What is the tens digit of 4747?
4
What is the hundreds digit of 44883?
8
What is the units digit of 375?
5
What is the tens digit of 52022?
2
What is the thousands digit of 37730?
7
What is the units digit of 60450?
0
What is the tens digit of 7616?
1
What is the hundreds digit of 1391?
3
What is the hundreds digit of 33474?
4
What is the units digit of 92884?
4
What is the tens digit of 3636?
3
What is the units digit of 1222?
2
What is the units digit of 327?
7
What is the units digit of 5555?
5
What is the units digit of 269?
9
What is the tens digit of 4656?
5
What is the thousands digit of 9172?
9
What is the thousands digit of 1715?
1
What is the tens digit of 99144?
4
What is the hundreds digit of 527?
5
What is the hundreds digit of 44634?
6
What is the units digit of 37894?
4
What is the thousands digit of 1024?
1
What is the ten thousands digit of 26075?
2
What is the units digit of 1647?
7
What is the thousands digit of 73408?
3
What is the thousands digit of 6104?
6
What is the tens digit of 1445?
4
What is the tens digit of 929?
2
What is the thousands digit of 5313?
5
What is the thousands digit of 1593?
1
What is the thousands digit of 20335?
0
What is the hundreds digit of 8801?
8
What is the thousands digit of 9932?
9
What is the units digit of 1014?
4
What is the hundreds digit of 17654?
6
What is the hundreds digit of 72496?
4
What is the thousands digit of 1487?
1
What is the hundreds digit of 15056?
0
What is the units digit of 2158?
8
What is the units digit of 145?
5
What is the tens digit of 4024?
2
What is the thousands digit of 3370?
3
What is the units digit of 26046?
6
What is the units digit of 334?
4
What is the ten thousands digit of 16683?
1
What is the hundreds digit of 4099?
0
What is the ten thousands digit of 27208?
2
What is the units digit of 5958?
8
What is the tens digit of 6315?
1
What is the units digit of 43?
3
What is the units digit of 2187?
7
What is the units digit of 1167?
7
What is the thousands digit of 42015?
2
What is the units digit of 9009?
9
What is the hundreds digit of 1741?
7
What is the tens digit of 3590?
9
What is the thousands digit of 4174?
4
What is the ten thousands digit of 20382?
2
What is the units digit of 11462?
2
What is the ten thousands digit of 32590?
3
What is the units digit of 142782?
2
What is the tens digit of 603?
0
What is the units digit of 524?
4
What is the hundreds digit of 4263?
2
What is the ten thousands digit of 19926?
1
What is the hundreds digit of 11185?
1
What is the units digit of 4105?
5
What is the hundreds digit of 102006?
0
What is the units digit of 2835?
5
What is the tens digit of 55709?
0
What is the hundreds digit of 8021?
0
What is the units digit of 108555?
5
What is the hundreds digit of 33653?
6
What is the units digit of 32308?
8
What is the units digit of 58?
8
What is the hundreds digit of 3039?
0
What is the thousands digit of 22293?
2
What is the tens digit of 5325?
2
What is the hundreds digit of 20967?
9
What is the hundreds digit of 2725?
7
What is the hundreds digit of 1346?
3
What is the ten thousands digit of 17707?
1
What is the thousands digit of 12336?
2
What is the hundreds digit of 260?
2
What is the thousands digit of 1919?
1
What is the units digit of 1287?
7
What is the hundreds digit of 2261?
2
What is the thousands digit of 14669?
4
What is the tens digit of 202?
0
What is the units digit of 4043?
3
What is the hundreds digit of 5048?
0
What is the tens digit of 828?
2
What is the thousands digit of 61054?
1
What is the tens digit of 2612?
1
What is the units digit of 27961?
1
What is the hundreds digit of 6149?
1
What is the tens digit of 398?
9
What is the hundreds digit of 696?
6
What is the thousands digit of 80390?
0
What is the units digit of 8970?
0
What is the thousands digit of 4408?
4
What is the units digit of 17545?
5
What is the thousands digit of 1379?
1
What is the hundreds digit of 17258?
2
What is the units digit of 1519?
9
What is the hundreds digit of 608?
6
What is the tens digit of 80